 t be ((-1)/(-6)*3)/(2/8). Determine f(t).
16
Let v = -13 - -9. Let n(s) = s**3 + 6*s**2 + 4*s - 5. Give n(v).
11
Let x(t) = -2*t + 6. Suppose -2*y = -5*h + 20 + 7, -3*y + 2 = h. Determine x(h).
-4
Let c(b) = 0 + 2 + 1 - 3*b + 3. Determine c(5).
-9
Let g = 4 - 2. Let b be (2 - (3 + -3)) + g. Suppose 2 = -v - 2, -b*t + 3*v - 8 = 0. Let l(z) = z**2 + 5*z + 4. What is l(t)?
4
Let d(g) = -3 + 8*g - 5*g - 5*g. Let c = -10 + 4. What is d(c)?
9
Let m(r) = -r**2 - r. Suppose 0 = l + 4*l - 30. Suppose -14 = -5*c - 4*w - 5, -5*c = w - l. Determine m(c).
-2
Let a be (-2)/(-6) + (-112)/12. Let j be ((-3)/a)/(3/9). Let i(b) = 7*b**3 + b**2 - b + 1. Determine i(j).
8
Suppose 1 = -b - 1, -3*b - 6 = n. Let m(u) = n*u - 8 + 0*u - 4*u + 0. What is m(-6)?
16
Let k(l) = -l**2 + 9*l + 10. Suppose u - 12 = -x - 4, x - 5*u = 20. What is k(x)?
0
Suppose 0*k - 5*k - 1 = 2*p, 7 = k + 4*p. Let d(m) = m**2. Let s(i) = 13*i**2 - i - 1. Let l(f) = 4*d(f) - s(f). Determine l(k).
-9
Let j be (12/(-8)*-6)/(-1). Let q be (4/(-6))/(j/(-54)). Let m(p) = p**3 + 3*p**2 - 5*p - 6. What is m(q)?
-2
Let d(o) = 5*o - 3*o**2 - o**3 - 3 + 0*o**2 - o. Let x = 7 + -4. Suppose -3*w - 6 = x*b, -4*w - 15 = -5*b + 11. Calculate d(w).
-3
Let d(f) be the third derivative of -f**5/60 + f**4/12 + f**3/3 + 22*f**2. Calculate d(4).
-6
Let t(n) = -n**2 - 5*n - 2. Let h be t(-4). Let s be (h - 0)*1 + 1. Let j(a) = -3*a - 2*a**3 + s*a**3 + a - 1. Give j(2).
3
Let k(i) = i**3 + 3*i**2 - 5*i + 1. Let t be k(-4). Let b(j) = -1 - j + 45*j**3 + t*j**2 - 46*j**3 - 5. Give b(5).
-11
Let l(c) = -2*c - 6. Let y(k) = 3*k + 11. Let q(f) = -5*l(f) - 3*y(f). Suppose -2*n - 2*g = -13 - 7, 4*n - 5*g + 5 = 0. Suppose 2*h = n*h. Determine q(h).
-3
Let m(y) = y**2 - 4*y. Let r = -8 - -12. Let k be m(r). Let x(h) = -h**2 - 4. Calculate x(k).
-4
Suppose 0 = -2*u + 5*u. Let z(i) = 5 - i**3 - 1 + u*i**3 + i - 1 - 3*i**2. What is z(-3)?
0
Let l(o) = -6*o**3 - 146*o + 144*o + 3*o**2 + 4*o**3 + 2. Let u = 0 + 2. Determine l(u).
-6
Let z be ((-3)/(-2))/(3/10). Let x(m) be the third derivative of m**4/12 + m**2. Calculate x(z).
10
Let k be (2/4)/(2/20). Let s(q) = -q. Let p(r) = 4*r - 6. Let u(c) = c**3 + 7*c**2 - 2. Let i be u(-7). Let d(z) = i*s(z) - p(z). What is d(k)?
-4
Let v(t) be the third derivative of t**6/20 + t**3/6 + 18*t**2. Calculate v(-1).
-5
Suppose -4*n + 6 = -2*d - 7*n, -2*d - 2*n - 2 = 0. Let j(t) = -2*t**d + t**3 + 4*t + t**2 - t - 3. What is j(2)?
-1
Let w(x) = -3*x**3 - x**2 + 5*x + 1. Let q(s) = 7*s**3 + s**2 - 11*s - 3. Let l(b) = -2*q(b) - 5*w(b). Determine l(-3).
10
Let w(q) = -2*q**3 - 2*q**2 + 7 + 4*q - 5 - 2*q. What is w(-2)?
6
Let k(j) = j**2 + 2*j - 2. Suppose 7 = 2*t + 3*u, 4*t + u = 2*t + 5. Give k(t).
6
Let q(t) be the third derivative of -t**4/8 + t**3/6 + t**2. Let l = 15 + -14. Calculate q(l).
-2
Let b(g) be the second derivative of g**3/3 - g**2 + g. Let a = -3 - -11. Suppose 0 = -a*u + 12*u - 16. What is b(u)?
6
Let y(s) be the third derivative of s**9/60480 - s**8/10080 - s**7/1008 + s**6/180 + s**5/15 + 4*s**2. Let q(f) be the third derivative of y(f). Determine q(3).
-2
Suppose 43 + 17 = -15*r. Let x(p) = 6*p + 3 + 2*p**2 - 2*p**2 + p**2. Determine x(r).
-5
Let u(k) be the first derivative of -k**3/3 + 7*k**2/2 + 5*k + 3. Calculate u(6).
11
Suppose 4*j + 4*h - 4 + 28 = 0, 2*j + 3*h = -15. Suppose 3*x = s - 3*s, x + 5*s = 0. Let t(q) = x + 3 - 1 + q**2 + 3*q. What is t(j)?
2
Let w(n) = -3*n - 6. Let u = -4 - 0. Let z be u/(-2 + 3 + 0). What is w(z)?
6
Let o(h) = -h**3 - 7*h**2 - 8*h - 8. Let n be o(-6). Let y be (-2)/(-4) + (-5)/2. Let k be (-4 + -4)*y/n. Let q(w) = 2*w + 3. Determine q(k).
11
Let s(q) be the second derivative of -q**4/12 + q**3/6 + 2*q**2 - q. Calculate s(4).
-8
Let r(n) = -4*n**3 - 5*n**2 - 8*n - 2. Let m(a) = -a**3 - a**2 - a - 1. Let j be (-2)/8 - (-9)/(-12). Let c(v) = j*r(v) + 5*m(v). Calculate c(2).
-5
Suppose -4*q + w - 7 = -0*w, 0 = 3*q - 4*w + 15. Let i = 1 - -1. Let v(k) = 2*k - 3*k - k**i + 0*k + 2*k**3 + 2*k**3. Determine v(q).
-4
Let j(y) = y**2 + y - 7. Let s(z) = -1. Let n(l) = j(l) - 6*s(l). Suppose -3 = -4*w + 5. Determine n(w).
5
Let d(c) = c - 28. Let k be d(25). Let r(x) = x**3 + 2*x**2 + 2. Calculate r(k).
-7
Let y(o) = -o. Let q(b) = 3*b + 6. Let i(s) = -q(s) - y(s). Suppose 15 + 27 = -7*f. What is i(f)?
6
Let f(c) = 6*c**2 - 35*c - 30. Let v(n) = -n**2 + 7*n + 6. Suppose 2 = 2*b - b. Let m(i) = b*f(i) + 11*v(i). Determine m(-6).
0
Let o(v) = 2*v - 4. Let n(t) = -t**2 + t + 3. Let d be n(0). Suppose -9 = 3*h, -d*h = -k + 11 - 2. Let z be -1*5*(k + -1). Calculate o(z).
6
Suppose 3*f + 27 = -2*r, 7*r + 57 = 2*r + 3*f. Let b = r + 19. Let z(p) = b*p + p - 6*p. What is z(-2)?
-4
Suppose -3*t + 22 = 5*i, 3*i = t - 2*t + 10. Let d(b) = -3*b**2 - 3*b - 1 - 4*b**3 + i*b + 4*b**2. Calculate d(-1).
5
Let h(n) = 8*n - 6. Let t = 10 + -6. Determine h(t).
26
Let n(q) be the second derivative of q**8/960 + q**7/1260 + q**6/720 - 7*q**4/12 + 9*q. Let a(i) be the third derivative of n(i). Calculate a(-1).
-6
Suppose 0 = -2*h + 4*f - 2, -2*f - 16 = h - 7. Let z(q) = -q**2 - 4*q + 5. Calculate z(h).
0
Let y(q) = q**2 - 5*q + 7. Suppose 4*v + 68 - 88 = 0. Determine y(v).
7
Let y(a) = 7*a**3 - 11*a**2 + 5*a - 11. Let b(m) = -3*m**3 + 5*m**2 - 2*m + 5. Let d(j) = -5*b(j) - 2*y(j). Calculate d(3).
-3
Let d(w) = -w - 13. Let t(m) = m**3 - 5*m**2 + 2*m + 1. Let u be t(4). Calculate d(u).
-6
Let x(z) = z - 11. Suppose -2*k + 25 = 3*k. Determine x(k).
-6
Let v(x) be the second derivative of x**5/120 - x**3/2 + x. Let o(d) be the second derivative of v(d). Determine o(1).
1
Suppose 4*g = -o - 27, -2*g - 2*o = 2*o + 24. Let s(h) = h**3 + 5*h**2 - 5*h - 3. Let i be s(g). Let w = i - -7. Let a(k) = k**3 + k**2 - 4*k - 3. Give a(w).
1
Let n(p) = p**2 + 2*p - 3. Suppose -4 = d, 2*d - 4 = -b - 16. Let c be n(b). Let t(l) = -l**3 + 4*l**2 + 7*l - 7. Calculate t(c).
3
Let p(d) = -2*d - 3. Let g(s) = -s. Let h(c) = c - 4. Let n be h(3). Let b be -1*(5 - n)*1. Let t(j) = b*g(j) + p(j). What is t(3)?
9
Let w(o) be the second derivative of 0 - 2*o - 1/12*o**4 + 1/2*o**3 + 2*o**2. Determine w(4).
0
Let n(v) = v. Let h(y) = y**2 + 10*y + 4. Let x(l) = -h(l) + 4*n(l). Let b be ((-2)/6)/((-11)/(-594)*3). Give x(b).
-4
Suppose 0 = -w + 4*l - 16 - 1, -30 = -5*w - 3*l. Let j(t) = t - 3. Let z be j(w). Let x(d) = d**3 + d. Determine x(z).
0
Let i(d) = -4*d - 2. Let b be (-28)/(-13) - (-22)/(-143). Calculate i(b).
-10
Let m(n) = -n**2 - 3*n - 3. Let q be -2 + (4 - -1) - 6. Calculate m(q).
-3
Suppose -p - z = 17, -3*p + 5*z + 13 = -2*p. Let a = -7 - p. Let j(t) = -a*t + 5*t**2 - 2*t**2 - 2*t**2. Give j(6).
6
Let v(c) be the first derivative of -1/2*c**2 + 4 + 0*c**3 + 6*c + 1/4*c**4. Calculate v(0).
6
Let b(i) = -i**2 - 7*i - 5. Let w(a) = 3 - 2*a - 2*a + a**2 - 1. Let d be w(4). Suppose 2*l - 1 = 3*p, -d*p - 3 = -p. Calculate b(l).
7
Let s be -1 - (32/4 - 4). Let l(j) = j**3 + 4*j**2 - 8*j - 3. Give l(s).
12
Let g(q) = 3*q**2 + q + 1. Let p(b) = -7*b**2 - 3*b - 3. Let i(u) = -9*g(u) - 4*p(u). Calculate i(-3).
3
Let j(p) = -p**3 + 2*p**2 + 4*p - 3. Suppose 22*y - 30 - 14 = 0. Give j(y).
5
Let d(t) be the first derivative of -t**2 - 3*t + 64. Give d(-5).
7
Let q(c) = 2*c + 4. Let z be q(-5). Let v(u) = -u**2 - 9*u - 6. Give v(z).
12
Let a(h) = -23*h - 5. Let x(k) = -81*k - 18. Let r(d) = 18*a(d) - 5*x(d). Suppose 0 = -2*b - 0 + 8. Suppose 4 = -b*s - 0*s. Determine r(s).
9
Let z(y) = -2*y**2 + 2*y + 3. Let b be (-10)/(-2)*1/1. Suppose 4*u = 3*s + 7, -u = s - b*u + 13. Give z(s).
-9
Suppose 2*m = -d + 7, 0 = -0*m + 4*m - 4*d - 32. Let y = m + -2. Let a(c) = -4*c - 3 + y*c - 2. Give a(-5).
0
Suppose -5*d - 9 = 1, -3*d = -4*f + 6. Let w(j) = 2149*j - 2149*j + 2 + 3*j**3 - j**2 - 2*j**3. Determine w(f).
2
Let w(b) = -18*b + 10. Let c(g) = 9*g - 5. Let u(o) = 7*c(o) + 4*w(o). Let v(d) = 5*d - 3. Let p(s) = 3*u(s) + 5*v(s). Calculate p(3).
-6
Let o(r) = -r - 15. Let x(i) = -i - 13. Let b(j) = 6*o(j) - 7*x(j). Calculate b(-2).
-1
Let d(w) be the first derivative of -3*w**4/2 - w - 1. Let k be (5 + 88/(-16))*2. What is d(k)?
5
Suppose 0 = -47*a + 44*a - 9. Let k(y) = -y**3 - 2*y**2 + 2*y - 3. What is k(a)?
0
Let v(s) = s**2 + 1. Let i be (-1 + -5)/3*-2. Suppose -3*n + 4*u - i - 5 = 0, 2*n - 11 = -3*u.